pose -4*l - 2*q - 11 = f, 3*l - 4*q + 62 = 0. Let p = -13 - l. What is the tens digit of p?
1
What is the hundreds digit of 8447 + 5 + -7*(20/4 - 4)?
4
Let t be (10*(-9)/6)/(4 - 5). Let d be 12/14*7*10/t. Suppose 4*i - 118 + 38 = d*m, 0 = 5*i + 4*m - 64. What is the tens digit of i?
1
What is the tens digit of ((-12)/36)/(31/(-3636579))?
0
Suppose -3 = 3*r, 0 = i + 10*r - 14*r - 19149. What is the hundreds digit of i?
1
Let c(l) = l**2 - l + 15. Let i be c(-4). Let u = i - -746. What is the hundreds digit of u?
7
Suppose 375*w = 382*w - 14. What is the units digit of w/(-5) + (-86460)/(-150)?
6
Suppose -35490 = -22*c + 110810. What is the thousands digit of c?
6
Suppose -10241 = -9*s + 1027. What is the tens digit of s?
5
Suppose -7*l = -12 - 16. Suppose -3*f = -l*c - 630, -181 - 855 = -5*f + 2*c. What is the tens digit of f?
0
Let a(h) = -22*h**3 - 4*h**2 - 2*h + 1. Let t = 30 + -31. Let b be a(t). What is the units digit of (b - (3 - 0))*(-15)/(-6)?
5
Let z(u) = 119*u**3 - 13*u**2 + 23*u + 3. What is the ten thousands digit of z(5)?
1
Let b = 28 - 28. Suppose 2*r + 65 + 193 = b. What is the units digit of 2/((-3)/(r/2))?
3
What is the units digit of 168/2*3243/282?
6
Let q be (-7705)/(-35) - 2/14. Suppose q = 6*y - 662. What is the tens digit of y?
4
Let y(z) = z**3 + 13*z**2 + 12*z + 6. Let k be y(-12). Suppose -5*f + 960 = -2*v + 7*v, -f = -5*v - 162. Suppose -k*w - f = -1021. What is the tens digit of w?
3
Let y = 45 + -34. Suppose 2817 = y*j - 2*j. Suppose 0 = 2*l - 0*l + 4*n - 202, 3*l - j = 4*n. What is the hundreds digit of l?
1
Let i(g) = 4*g - 14. Let r be i(4). Let l = -109 - -365. Suppose -4*t - r*u + 5*u + 339 = 0, -3*t = -4*u - l. What is the tens digit of t?
8
Let b = -22 + 7. Let r be (-168)/b*(1 - 43/(-2)). Suppose 2*g - r = -q, 156 + 84 = 2*g - 5*q. What is the hundreds digit of g?
1
Let i be 4/1 - ((-6 - -2) + 5). Suppose -i*l - s = -206, 3*l = -3*s + 154 + 44. What is the units digit of l?
0
Suppose -3*x + 15 = -4*t, 2*x - 7 = -2*t + 3. Let d(a) = a - 3. Let l be d(x). Let c = 11 + l. What is the units digit of c?
3
Suppose -41*k + 216 = -38*k. Let o = 76 - k. Suppose o*d - 524 = 80. What is the hundreds digit of d?
1
Let i(c) be the second derivative of -67*c**3/3 + 50*c. What is the hundreds digit of i(-2)?
2
Suppose 5*r + 1239 = d, -90*d = -88*d + 2*r - 2454. What is the units digit of d?
9
Let v(f) = f**3 - 21*f**2 + 19*f + 22. Let b be v(20). What is the tens digit of (b - 3)*(-28647)/27?
6
Let l(v) = 3*v**2 - 103*v + 1188. What is the ten thousands digit of l(125)?
3
Let y = 5031 - 3354. Suppose -4*f = -7*f + y. What is the hundreds digit of f?
5
Let y(a) = 10*a**2 + a + 4. Suppose -3*f + 19 - 3 = w, -4*f = 2*w - 22. What is the hundreds digit of y(f)?
2
Let m(y) = 5530*y + 20. What is the thousands digit of m(1)?
5
Suppose -2*o - 19 - 53 = 0. Let n be -2*2/(-8) - 6894/o. Let q = 329 - n. What is the tens digit of q?
3
Let f = 796 + 1177. What is the thousands digit of f?
1
Let b(v) = v**3 - 18*v**2 + v - 1. Let q be b(20). Let y = q + -464. What is the hundreds digit of y?
3
Let u be 3072*(0 + (-1)/(-2)). Suppose -648 = -3*m - 5*x + 909, 0 = 3*m - 2*x - u. What is the tens digit of m?
1
Let r = -53 + 93. Let l be r/4 - (0 + 1 - 0). Suppose -f + l = 2*s, 0 = 3*s + 2*f + 1 - 16. What is the units digit of s?
3
Suppose 0 = -107*z + 105*z - 2, -3*s - 2*z = -7438. Let l = -1367 + s. What is the tens digit of l?
1
Let m = -28 - -56. Suppose 101*q - 104*q = -9. Suppose -q*s + 2*g + 46 = -2*g, -m = -2*s + 4*g. What is the tens digit of s?
1
Let s be (-26)/(-117) - (-3580)/9. Suppose 2*j - s = 2*x, -4*j + 3*j + 187 = -4*x. What is the tens digit of j?
0
Let v be (-765)/(-12) - ((-14)/(-8) - 2). Suppose v = -2*f + 1298. Suppose -4*k + 2*s - f = -7*k, -s + 411 = 2*k. What is the units digit of k?
5
Suppose o - 14997 = 2*r + 10452, -2*o = -r - 50916. What is the units digit of o?
1
Suppose 5*x + 42252 = 8*b, -74*b + 69*b + 26416 = -x. What is the tens digit of b?
8
Let g(b) = b**3 - 13*b**2 + 34*b - 514. What is the tens digit of g(22)?
9
Let l(v) = 5*v - 43. Let n be l(10). Suppose -4 = 3*g + 2*a, -a = 5*g + 2 - n. Suppose 4*q + 14 + 2 = 0, 0 = -3*k - g*q + 448. What is the tens digit of k?
5
Let c be (-5)/((-5)/4) - -973. Let z = -71 + c. What is the units digit of z?
6
Suppose -2*a + 13 = -7. Suppose -a*n + 7*n = -12. Suppose n*f - 4*r = 56, -5*f + r = -47 - 19. What is the tens digit of f?
1
Let w = -4 + -1. Let s(a) = a**3 - 8*a**2 - 9*a + 12. Let l be s(8). What is the tens digit of 36*((-7)/w + 24/l)?
3
Let w = -39033 - -67145. What is the tens digit of w?
1
Suppose 44*d - 10444 = 30*d. Suppose -d = -8*i + 814. What is the hundreds digit of i?
1
Let s(c) be the third derivative of c**5/30 + 2*c**4/3 + 3*c**3 + 25*c**2. What is the tens digit of s(-12)?
1
Let r(t) = 6*t**2 + 22*t - 129. What is the thousands digit of r(32)?
6
Suppose -4*n = t, -3*t + 4*n + 39 = 3*n. Let o(p) = p**3 - 11*p**2 - 8*p - 11. Let c be o(t). Let s = c + 236. What is the hundreds digit of s?
2
Let s(b) = 38*b - 132. Let n be s(11). Suppose -7*h = -162 - n. What is the units digit of h?
4
Suppose 179*j + 82490 = 234*j - 136850. What is the thousands digit of j?
3
Let p be (6/(-7))/3 + 92/28. Suppose 2*s = -6, 3*s = -p*w + 5*s + 888. What is the tens digit of w?
9
Suppose 0 = 4*z - l - 302, -2*z = -0*l - l - 152. Let t = 78 - z. Suppose 5*j = -4*r + 1122, 0 = -t*j + 5*r + 889 - 238. What is the tens digit of j?
2
Let p(h) = -2*h**2 + 16*h - 93. Let s be p(7). Let w be (114/9)/(1/15). Let u = w + s. What is the tens digit of u?
1
Let m be (-44)/(-7) - ((-18)/(-14) + -1). Suppose -2*n = -3*i + 6, 5*i + 3*n = 2*i + m. Suppose i*y + 7 = -0*x + x, -y = -x + 4. What is the units digit of x?
1
Suppose 0 = -2*u - 4*h + 74 - 1068, -1487 = 3*u + 4*h. Let v = 1167 + u. What is the hundreds digit of v?
6
Suppose 6*u - 4*u - 1536 = 0. Suppose -120*j - u = -124*j. What is the tens digit of j?
9
Suppose 10*z - 7*z + r - 111689 = 0, -r = 7. What is the ten thousands digit of z?
3
Let a = -65 - -30. Let b = -14 - a. What is the tens digit of 5934/b + -2*(-4)/(-14)?
8
Let b(r) = 18*r - 8 - 5*r**2 + 6*r**2 + 25. What is the units digit of b(-27)?
0
Suppose -25*b = 11*b + 7*b - 59555. What is the units digit of b?
5
Suppose 2*n + 16630 = 3*c, 5*n = 5*c - 24730 - 2995. What is the units digit of c?
0
Suppose 66046 = 11*j + 8604. What is the units digit of j?
2
Let x be 6/(-75) + (-25536984)/825. What is the thousands digit of ((x/(-24))/7 + 6)*8?
1
Let g(v) be the second derivative of v**3/3 + 4*v**2 - 3*v. Let o be g(-2). Suppose -5*f = q - o, f + f + 46 = 3*q. What is the tens digit of q?
1
Suppose 4*t + c - 7 = 0, -2*t + 6*t + 4*c = 4. Suppose a - o - o = 785, t*o + 3134 = 4*a. What is the units digit of ((6/9)/1)/(6/a)?
7
Let p(m) = -4*m**2 - 5*m - 14. Let n be p(7). Let v be -5 + ((-3)/(-1) - 121). Let h = v - n. What is the hundreds digit of h?
1
Suppose 4*b = -16, -2*b - 11 = 2*o - 47. Suppose -o*v = -18*v - 2652. What is the tens digit of v?
6
Let u(a) = -38199*a - 633. What is the ten thousands digit of u(-1)?
3
Suppose 2*f = 2*l - 3 - 11, 4*l - 7 = -3*f. Suppose -1269 = -o - 4*o - l*d, 5*o - 1268 = -3*d. What is the units digit of o?
3
Let s = -145 + 149. Suppose 3*j = s*j - 161. What is the hundreds digit of j?
1
Suppose -2*r = -r + 47. Let k be r*(-2)/(-2)*(-3 + 4). Let f = 62 - k. What is the units digit of f?
9
Let l = 17962 - 408. What is the hundreds digit of l?
5
Suppose -80*q + 40 = -75*q. Suppose q*n + 5*c + 753 = 11*n, 3*n = 2*c + 753. What is the tens digit of n?
5
Let r = -3 - -13. Let n = r + -7. Suppose 0 = -n*z + 38 + 427. What is the hundreds digit of z?
1
Let r(m) = -2*m + 13. Let q be r(5). Suppose q*t + 658 = 10*t. Suppose -f + 6*f = -2*x + t, -3*x + 146 = 5*f. What is the tens digit of x?
5
Let l(y) = -121*y**3 + y**2 - y - 2. Suppose -8*b + 4*b = 4. What is the hundreds digit of l(b)?
1
Suppose 3*a = -35*g + 40*g + 21, -3 = 2*g - 3*a. What is the units digit of ((-154)/21 - g)*(-1629)/6?
2
Let k = 28 + 13. Suppose 5*j - 2*z = -205, -5*z + 6*z + k = -j. Let p = 46 + j. What is the units digit of p?
5
Suppose 2*p = 4, 5*p + 7 = 3*w - 4. Let u(h) = h**3 - 7*h**2 - 3*h + 10. Let s be u(w). Let f = s + 164. What is the tens digit of f?
5
